{"id":134,"date":"2017-05-30T22:48:03","date_gmt":"2017-05-30T20:48:03","guid":{"rendered":"http:\/\/christine-magnetiseur-guerisseur.com\/?page_id=134"},"modified":"2025-05-06T21:32:48","modified_gmt":"2025-05-06T19:32:48","slug":"honoraires","status":"publish","type":"page","link":"https:\/\/christine-magnetiseur-guerisseur.com\/index.php\/honoraires\/","title":{"rendered":"Honoraires"},"content":{"rendered":"\n<p class=\"has-drop-cap\"><strong>Magn\u00e9tisme, r\u00e9flexoth\u00e9rapie, auriculoth\u00e9rapie, th\u00e9rapie manuelle, profitez de mes comp\u00e9tences ! A votre \u00e9coute, je saurai vous soulager et vous aider de mani\u00e8re efficace dans votre maladie.<\/strong><\/p>\n\n\n\n<p>La dur\u00e9e de mes consultations est &nbsp;de<strong> 45 minutes<\/strong><\/p>\n\n\n\n<p class=\"has-vivid-cyan-blue-background-color has-text-color has-background\" style=\"color:#ffffff\"><strong><a href=\"https:\/\/christine-magnetiseur-guerisseur.com\/index.php\/guerissuese-magnetiseuse\/\" target=\"_blank\" rel=\"noreferrer noopener\"><mark style=\"background-color:rgba(0, 0, 0, 0)\" class=\"has-inline-color has-white-color\">60 \u20ac &#8211; MAGN\u00c9TISME<\/mark><\/a><\/strong><\/p>\n\n\n\n<p class=\"has-text-align-left has-pale-cyan-blue-background-color has-text-color has-background\" style=\"color:#1954aa\"><strong><a href=\"https:\/\/christine-magnetiseur-guerisseur.com\/index.php\/auriculotherapie\/\" target=\"_blank\" rel=\"noreferrer noopener\">60 \u20ac &#8211; AURICULOTH\u00c9RAPIE<\/a><\/strong><\/p>\n\n\n\n<p class=\"has-vivid-cyan-blue-background-color has-text-color has-background\" style=\"color:#ffffff\"><strong><a href=\"https:\/\/christine-magnetiseur-guerisseur.com\/index.php\/reflexotherapie-christine-basse\/\"><mark style=\"background-color:rgba(0, 0, 0, 0)\" class=\"has-inline-color has-white-color\">60 \u20ac &#8211; R\u00c9FLEXOTH\u00c9RAPIE<\/mark><\/a><\/strong><\/p>\n\n\n\n<p class=\"has-pale-cyan-blue-background-color has-text-color has-background\" style=\"color:#0e5278\"><strong><a href=\"https:\/\/christine-magnetiseur-guerisseur.com\/index.php\/therapie-manuelle-fluidique\/\" target=\"_blank\" rel=\"noreferrer noopener\">60 \u20ac &#8211; THERAPIE&nbsp;FLUIDIQUE<\/a><\/strong><\/p>\n\n\n\n<p class=\"has-vivid-cyan-blue-background-color has-text-color has-background\" style=\"color:#fffdfd\"><strong>80 \u20ac &#8211; INTERVENTION SUR PHOTO\u00a0(comprend 2 s\u00e9ances rapproch\u00e9es)<\/strong><\/p>\n\n\n\n<p class=\"has-pale-cyan-blue-background-color has-text-color has-background\" style=\"color:#0c496a\"><strong>BARRAGE DE FEU, ZONA, VERRUES, ANIMAUX&nbsp; &nbsp;<\/strong>&nbsp; &nbsp; &nbsp; &nbsp; &nbsp; &nbsp; &nbsp; &nbsp;<strong>Don libre<\/strong><\/p>\n\n\n\n<hr \/>\n<p style=\"text-align: right;\"><span style=\"color: #000000;\"><span style=\"color: #11a5fa;\"><strong>Christine BASSE FRANKS<\/strong><\/span>\u00a0<span style=\"color: #003366;\">&#8211; magn\u00e9tiseuse &#8211; gu\u00e9risseuse<\/span><\/span><\/p>\n<p>\u00a0<\/p>\n","protected":false},"excerpt":{"rendered":"<p>Magn\u00e9tisme, r\u00e9flexoth\u00e9rapie, auriculoth\u00e9rapie, th\u00e9rapie manuelle, profitez de mes comp\u00e9tences ! A votre \u00e9coute, je saurai vous soulager et vous aider de mani\u00e8re efficace dans votre maladie. La dur\u00e9e de mes consultations est &nbsp;de 45 minutes 60 \u20ac &#8211; MAGN\u00c9TISME 60 \u20ac &#8211; AURICULOTH\u00c9RAPIE 60 \u20ac &#8211; R\u00c9FLEXOTH\u00c9RAPIE 60 \u20ac &#8211; THERAPIE&nbsp;FLUIDIQUE 80 \u20ac &#8211; INTERVENTION<\/p>\n","protected":false},"author":1,"featured_media":0,"parent":0,"menu_order":0,"comment_status":"closed","ping_status":"closed","template":"page-fullwidth.php","meta":{"footnotes":""},"class_list":["post-134","page","type-page","status-publish","hentry"],"yoast_head":"<!-- This site is optimized with the Yoast SEO plugin v27.4 - https:\/\/yoast.com\/product\/yoast-seo-wordpress\/ -->\n<title>Honoraires - Tarifs Christine Basse magn\u00e9tiseur gu\u00e9risseur arcachon<\/title>\n<meta name=\"description\" content=\"Tous les tarifs demes prestations pour soigner et soulager vos maux - allergies - maladie de peau - rhumatisme - d\u00e9pression - coupeur de feu\" \/>\n<meta name=\"robots\" content=\"index, follow, max-snippet:-1, max-image-preview:large, max-video-preview:-1\" \/>\n<link rel=\"canonical\" href=\"https:\/\/christine-magnetiseur-guerisseur.com\/index.php\/honoraires\/\" \/>\n<meta property=\"og:locale\" content=\"fr_FR\" \/>\n<meta property=\"og:type\" content=\"article\" \/>\n<meta property=\"og:title\" content=\"Honoraires - Tarifs Christine Basse magn\u00e9tiseur gu\u00e9risseur arcachon\" \/>\n<meta property=\"og:description\" content=\"Tous les tarifs demes prestations pour soigner et soulager vos maux - allergies - maladie de peau - rhumatisme - d\u00e9pression - coupeur de feu\" \/>\n<meta property=\"og:url\" content=\"https:\/\/christine-magnetiseur-guerisseur.com\/index.php\/honoraires\/\" \/>\n<meta property=\"article:modified_time\" content=\"2025-05-06T19:32:48+00:00\" \/>\n<meta name=\"twitter:card\" content=\"summary_large_image\" \/>\n<meta name=\"twitter:label1\" content=\"Dur\u00e9e de lecture estim\u00e9e\" \/>\n\t<meta name=\"twitter:data1\" content=\"1 minute\" \/>\n<script type=\"application\/ld+json\" class=\"yoast-schema-graph\">{\"@context\":\"https:\\\/\\\/schema.org\",\"@graph\":[{\"@type\":\"WebPage\",\"@id\":\"https:\\\/\\\/christine-magnetiseur-guerisseur.com\\\/index.php\\\/honoraires\\\/\",\"url\":\"https:\\\/\\\/christine-magnetiseur-guerisseur.com\\\/index.php\\\/honoraires\\\/\",\"name\":\"Honoraires - Tarifs Christine Basse magn\u00e9tiseur gu\u00e9risseur arcachon\",\"isPartOf\":{\"@id\":\"https:\\\/\\\/christine-magnetiseur-guerisseur.com\\\/#website\"},\"datePublished\":\"2017-05-30T20:48:03+00:00\",\"dateModified\":\"2025-05-06T19:32:48+00:00\",\"description\":\"Tous les tarifs demes prestations pour soigner et soulager vos maux - allergies - maladie de peau - rhumatisme - d\u00e9pression - coupeur de feu\",\"breadcrumb\":{\"@id\":\"https:\\\/\\\/christine-magnetiseur-guerisseur.com\\\/index.php\\\/honoraires\\\/#breadcrumb\"},\"inLanguage\":\"fr-FR\",\"potentialAction\":[{\"@type\":\"ReadAction\",\"target\":[\"https:\\\/\\\/christine-magnetiseur-guerisseur.com\\\/index.php\\\/honoraires\\\/\"]}]},{\"@type\":\"BreadcrumbList\",\"@id\":\"https:\\\/\\\/christine-magnetiseur-guerisseur.com\\\/index.php\\\/honoraires\\\/#breadcrumb\",\"itemListElement\":[{\"@type\":\"ListItem\",\"position\":1,\"name\":\"Accueil\",\"item\":\"https:\\\/\\\/christine-magnetiseur-guerisseur.com\\\/\"},{\"@type\":\"ListItem\",\"position\":2,\"name\":\"Honoraires\"}]},{\"@type\":\"WebSite\",\"@id\":\"https:\\\/\\\/christine-magnetiseur-guerisseur.com\\\/#website\",\"url\":\"https:\\\/\\\/christine-magnetiseur-guerisseur.com\\\/\",\"name\":\"\",\"description\":\"Christine Basse Franks \u00e0 l&#039;\u00e9coute du corps...\",\"publisher\":{\"@id\":\"https:\\\/\\\/christine-magnetiseur-guerisseur.com\\\/#\\\/schema\\\/person\\\/9f9527ef5b3209c6239aa0a4250ed75f\"},\"potentialAction\":[{\"@type\":\"SearchAction\",\"target\":{\"@type\":\"EntryPoint\",\"urlTemplate\":\"https:\\\/\\\/christine-magnetiseur-guerisseur.com\\\/?s={search_term_string}\"},\"query-input\":{\"@type\":\"PropertyValueSpecification\",\"valueRequired\":true,\"valueName\":\"search_term_string\"}}],\"inLanguage\":\"fr-FR\"},{\"@type\":[\"Person\",\"Organization\"],\"@id\":\"https:\\\/\\\/christine-magnetiseur-guerisseur.com\\\/#\\\/schema\\\/person\\\/9f9527ef5b3209c6239aa0a4250ed75f\",\"name\":\"Christine Basse\",\"image\":{\"@type\":\"ImageObject\",\"inLanguage\":\"fr-FR\",\"@id\":\"http:\\\/\\\/christine-magnetiseur-guerisseur.com\\\/wp-content\\\/uploads\\\/2020\\\/07\\\/BD\u00a9-Christine-Se\u0301lection-_BDT0636.jpg\",\"url\":\"http:\\\/\\\/christine-magnetiseur-guerisseur.com\\\/wp-content\\\/uploads\\\/2020\\\/07\\\/BD\u00a9-Christine-Se\u0301lection-_BDT0636.jpg\",\"contentUrl\":\"http:\\\/\\\/christine-magnetiseur-guerisseur.com\\\/wp-content\\\/uploads\\\/2020\\\/07\\\/BD\u00a9-Christine-Se\u0301lection-_BDT0636.jpg\",\"width\":1047,\"height\":1571,\"caption\":\"Christine Basse\"},\"logo\":{\"@id\":\"http:\\\/\\\/christine-magnetiseur-guerisseur.com\\\/wp-content\\\/uploads\\\/2020\\\/07\\\/BD\u00a9-Christine-Se\u0301lection-_BDT0636.jpg\"}}]}<\/script>\n<!-- \/ Yoast SEO plugin. -->","yoast_head_json":{"title":"Honoraires - Tarifs Christine Basse magn\u00e9tiseur gu\u00e9risseur arcachon","description":"Tous les tarifs demes prestations pour soigner et soulager vos maux - allergies - maladie de peau - rhumatisme - d\u00e9pression - coupeur de feu","robots":{"index":"index","follow":"follow","max-snippet":"max-snippet:-1","max-image-preview":"max-image-preview:large","max-video-preview":"max-video-preview:-1"},"canonical":"https:\/\/christine-magnetiseur-guerisseur.com\/index.php\/honoraires\/","og_locale":"fr_FR","og_type":"article","og_title":"Honoraires - Tarifs Christine Basse magn\u00e9tiseur gu\u00e9risseur arcachon","og_description":"Tous les tarifs demes prestations pour soigner et soulager vos maux - allergies - maladie de peau - rhumatisme - d\u00e9pression - coupeur de feu","og_url":"https:\/\/christine-magnetiseur-guerisseur.com\/index.php\/honoraires\/","article_modified_time":"2025-05-06T19:32:48+00:00","twitter_card":"summary_large_image","twitter_misc":{"Dur\u00e9e de lecture estim\u00e9e":"1 minute"},"schema":{"@context":"https:\/\/schema.org","@graph":[{"@type":"WebPage","@id":"https:\/\/christine-magnetiseur-guerisseur.com\/index.php\/honoraires\/","url":"https:\/\/christine-magnetiseur-guerisseur.com\/index.php\/honoraires\/","name":"Honoraires - Tarifs Christine Basse magn\u00e9tiseur gu\u00e9risseur arcachon","isPartOf":{"@id":"https:\/\/christine-magnetiseur-guerisseur.com\/#website"},"datePublished":"2017-05-30T20:48:03+00:00","dateModified":"2025-05-06T19:32:48+00:00","description":"Tous les tarifs demes prestations pour soigner et soulager vos maux - allergies - maladie de peau - rhumatisme - d\u00e9pression - coupeur de feu","breadcrumb":{"@id":"https:\/\/christine-magnetiseur-guerisseur.com\/index.php\/honoraires\/#breadcrumb"},"inLanguage":"fr-FR","potentialAction":[{"@type":"ReadAction","target":["https:\/\/christine-magnetiseur-guerisseur.com\/index.php\/honoraires\/"]}]},{"@type":"BreadcrumbList","@id":"https:\/\/christine-magnetiseur-guerisseur.com\/index.php\/honoraires\/#breadcrumb","itemListElement":[{"@type":"ListItem","position":1,"name":"Accueil","item":"https:\/\/christine-magnetiseur-guerisseur.com\/"},{"@type":"ListItem","position":2,"name":"Honoraires"}]},{"@type":"WebSite","@id":"https:\/\/christine-magnetiseur-guerisseur.com\/#website","url":"https:\/\/christine-magnetiseur-guerisseur.com\/","name":"","description":"Christine Basse Franks \u00e0 l&#039;\u00e9coute du corps...","publisher":{"@id":"https:\/\/christine-magnetiseur-guerisseur.com\/#\/schema\/person\/9f9527ef5b3209c6239aa0a4250ed75f"},"potentialAction":[{"@type":"SearchAction","target":{"@type":"EntryPoint","urlTemplate":"https:\/\/christine-magnetiseur-guerisseur.com\/?s={search_term_string}"},"query-input":{"@type":"PropertyValueSpecification","valueRequired":true,"valueName":"search_term_string"}}],"inLanguage":"fr-FR"},{"@type":["Person","Organization"],"@id":"https:\/\/christine-magnetiseur-guerisseur.com\/#\/schema\/person\/9f9527ef5b3209c6239aa0a4250ed75f","name":"Christine Basse","image":{"@type":"ImageObject","inLanguage":"fr-FR","@id":"http:\/\/christine-magnetiseur-guerisseur.com\/wp-content\/uploads\/2020\/07\/BD\u00a9-Christine-Se\u0301lection-_BDT0636.jpg","url":"http:\/\/christine-magnetiseur-guerisseur.com\/wp-content\/uploads\/2020\/07\/BD\u00a9-Christine-Se\u0301lection-_BDT0636.jpg","contentUrl":"http:\/\/christine-magnetiseur-guerisseur.com\/wp-content\/uploads\/2020\/07\/BD\u00a9-Christine-Se\u0301lection-_BDT0636.jpg","width":1047,"height":1571,"caption":"Christine Basse"},"logo":{"@id":"http:\/\/christine-magnetiseur-guerisseur.com\/wp-content\/uploads\/2020\/07\/BD\u00a9-Christine-Se\u0301lection-_BDT0636.jpg"}}]}},"_links":{"self":[{"href":"https:\/\/christine-magnetiseur-guerisseur.com\/index.php\/wp-json\/wp\/v2\/pages\/134","targetHints":{"allow":["GET"]}}],"collection":[{"href":"https:\/\/christine-magnetiseur-guerisseur.com\/index.php\/wp-json\/wp\/v2\/pages"}],"about":[{"href":"https:\/\/christine-magnetiseur-guerisseur.com\/index.php\/wp-json\/wp\/v2\/types\/page"}],"author":[{"embeddable":true,"href":"https:\/\/christine-magnetiseur-guerisseur.com\/index.php\/wp-json\/wp\/v2\/users\/1"}],"replies":[{"embeddable":true,"href":"https:\/\/christine-magnetiseur-guerisseur.com\/index.php\/wp-json\/wp\/v2\/comments?post=134"}],"version-history":[{"count":34,"href":"https:\/\/christine-magnetiseur-guerisseur.com\/index.php\/wp-json\/wp\/v2\/pages\/134\/revisions"}],"predecessor-version":[{"id":858,"href":"https:\/\/christine-magnetiseur-guerisseur.com\/index.php\/wp-json\/wp\/v2\/pages\/134\/revisions\/858"}],"wp:attachment":[{"href":"https:\/\/christine-magnetiseur-guerisseur.com\/index.php\/wp-json\/wp\/v2\/media?parent=134"}],"curies":[{"name":"wp","href":"https:\/\/api.w.org\/{rel}","templated":true}]}}